 of k and f?
25
Suppose 0 = 6*y - 10*y - 128. Let m be (0 - 2)/(16/y). What is the highest common divisor of 32 and m?
4
Let y be (5/(-3))/((-1)/15). Suppose 0 = r + c - 279, -3*c + c = -2*r + 542. Calculate the greatest common divisor of y and r.
25
Let x(u) = -7*u - 187. Let i(m) = -m**2 + 5*m + 121. Let w be i(16). Let q be x(w). Calculate the greatest common divisor of q and 22.
22
Let a = -2538 + 2540. Suppose 0 = u - 3*u + 64. Calculate the greatest common divisor of a and u.
2
Let v(k) be the third derivative of k**4/8 - 5*k**3/2 - 11*k**2. Let b be v(0). Let g be -7*(-21 + b/5). Calculate the greatest common factor of g and 21.
21
Let z(r) = 5*r**2 - r + 2. Let g be z(6). Let y be ((-792)/77)/(510/(-2380)). Calculate the highest common divisor of y and g.
16
Suppose -9*y = -h - 11, 4*y + 3*h - 7 = 22. Suppose 2*c - c - 37 = 0. Calculate the greatest common divisor of c and y.
1
Suppose -5*z + 290 = 741*s - 736*s, 0 = -2*z - 5*s + 134. What is the greatest common factor of z and 5876?
52
Let t = 80 - -197. Let l = -246 + t. Calculate the highest common factor of 217 and l.
31
Let j = -87 + 132. Let m be (4 - 1) + 7 + 5 + -5. Calculate the highest common divisor of j and m.
5
Suppose 3*x - c = 249, -x + 69 = 3*c - 8*c. Suppose 25*p + x = 32*p. Calculate the highest common factor of p and 12.
12
Suppose -516*z = -505*z - 4400. Let l = z - 332. Calculate the greatest common divisor of l and 544.
68
Let b(l) = l**2 + 37*l + 140. Let j be b(-33). Let c be (32/(-6))/((-2)/45). Suppose -c = -0*v - 3*v. What is the highest common factor of v and j?
8
Suppose -2*s - 3934 = -4*c, -986 = 3*c - 4*c + 3*s. Suppose 2*z + 2*y = 666, -3*z + 3*y + c = 2*y. What is the greatest common factor of z and 94?
47
Let k be 3452/23 + (-6)/69. Calculate the highest common factor of k and 4575.
75
Let w = -15 - -18. Let n be w/((-5)/2 + 3). Suppose -208 = 3*h - n*h - 4*r, -4*h + 268 = 3*r. Calculate the highest common factor of 8 and h.
8
Let o(m) = m**3 - 7*m**2 + 10*m + 76. Let v be o(16). Calculate the highest common factor of 20 and v.
20
Suppose -d + 9*u + 344 + 1782 = 0, 2*d + 2*u - 4132 = 0. What is the greatest common divisor of 126 and d?
14
Let g(j) = -68*j - 19. Let t(z) = -99*z - 28. Let m(k) = -7*g(k) + 5*t(k). Let b be m(-1). What is the greatest common divisor of b and 228?
12
Let o(r) = -r + 5. Let x be o(0). Let h(l) = l**2 - 7. Let n be h(x). Suppose 0 = 27*v - 178 - 146. What is the greatest common factor of n and v?
6
Suppose -284*z = -9321 + 2221. Calculate the highest common factor of 4775 and z.
25
Suppose 0 = -19*j + 21*j. Suppose -y + j*y + 446 = 0. Let m be ((-6)/(-4))/(-5 + y/88). Calculate the greatest common divisor of m and 77.
11
Suppose 17*n - 1220 = -455. Let i(w) = 4*w**3 + 6*w**2 - 5*w + 5. Let r be i(5). What is the greatest common factor of n and r?
45
Let a = -4433 - -4545. Calculate the greatest common factor of a and 656.
16
Let i be (10/(-8))/((-2)/152). Let o be 1 + (-1)/4 - (-20)/80. Let s be 1035/27 - o/3. What is the greatest common divisor of i and s?
19
Suppose d + 4*g - 394 = 0, 3*d + g - 1147 = -31. What is the greatest common divisor of 50 and d?
10
Let a(u) = -u**3 + u**2 - u. Let f(b) = -6*b**3 - 5*b**2 - 9*b - 10. Let l(q) = 5*a(q) - f(q). Let x be l(-4). What is the highest common divisor of x and 12?
6
Let q = 835 + -172. Suppose 3 = -5*h + q. Suppose 3*a = -36 + h. Calculate the greatest common divisor of 80 and a.
16
Suppose 46 = 34*o - 90. Suppose 380 = o*x - 1244. Calculate the highest common factor of 87 and x.
29
Let a(q) = -18*q**2 + 13*q - 26. Let m be a(3). Let i = -79 - m. What is the highest common divisor of 175 and i?
35
Let z be (30/(-180))/((-1)/114). Calculate the highest common divisor of z and 29431.
19
Let a be ((-28)/(-4))/(3/15). Let q be 148/5 + 14/a. Suppose h + 5*k - 32 = 0, -2*h + k + 12 = -q. Calculate the highest common divisor of h and 176.
22
Let r(n) = -14*n**2 - n + 23. Let m(x) = 27*x**2 + 3*x - 49. Let d(j) = -2*m(j) - 5*r(j). Let f be d(5). What is the greatest common factor of 14 and f?
14
Suppose 0 = z - m - 14, 3*m + 5 = 8. Let v = -233 + 237. Suppose -v*n + 5*d = d - 132, 2*d = -5*n + 144. What is the highest common divisor of n and z?
15
Let l be 11615/20 + (-25)/(-20). Let v be (-30)/45 + l/9. What is the greatest common divisor of v and 1?
1
Suppose 0 = -4*r + 2*j + 2170, 13*j - 16*j - 2179 = -4*r. Calculate the highest common divisor of 4 and r.
2
Suppose 162 = 3*g - 3*t, 140*g - 145*g + 246 = 3*t. What is the highest common divisor of 1513 and g?
17
Suppose 414*d = 473*d - 826. What is the highest common divisor of 2751 and d?
7
Let b(x) = -x**3 - 8*x**2 - 4*x + 26. Let g be b(-9). Calculate the highest common divisor of g and 52.
13
Suppose 0 = 2*t - 4*f - 14, -3*t + 5*f + 13 = -2*t. Let z = 4 - t. Let l = 12 + -4. What is the greatest common factor of z and l?
1
Let n be (-1 + (1 - 835/5))*1. Let s = -159 - n. Calculate the greatest common divisor of s and 64.
8
Let v be (-9)/(4 + 492/(-120)). Calculate the highest common divisor of v and 1290.
30
Suppose 45*d + 100 = 2*y + 49*d, 4*y = d + 263. Calculate the highest common factor of y and 5696.
64
Let j = 239 - -141. Suppose 0 = 4*c + c - j. Let u be 9/2*456/108. Calculate the highest common divisor of c and u.
19
Suppose 0 = -4*m - 4*t, -5*m + 6 = 3*t + 2. Let j be 27/m*22/3. Let x = -14 + 25. What is the greatest common divisor of x and j?
11
Let i be 4/10 - 238/(-5). Let j = i + -30. Let l be 1/(20/18 - 1). What is the highest common factor of j and l?
9
Let u be (0 - -260)*(24/(-8) - -4). Calculate the highest common factor of u and 340.
20
Suppose -3*q = 2*o + 3*o - 67, 3*o - 43 = -2*q. Let t = 67 + -67. Suppose 4*k - 54 = -t*k + g, 2*k - 26 = g. Calculate the greatest common factor of k and q.
14
Let p = -371 + 371. Suppose 17*f - 22*f + 160 = p. Calculate the greatest common divisor of 128 and f.
32
Suppose -760 = -63*l + 122. Calculate the greatest common factor of l and 2653.
7
Let p be 3537/21 - ((-8)/(-7))/(26/(-13)). Calculate the greatest common factor of p and 26.
13
Let a = -140 + 142. Let i(q) = 16*q**3 + a + 14 - 3 - 17*q**3 + q + 5*q**2. Let h be i(5). Calculate the highest common divisor of 2 and h.
2
Suppose 504 = 6150*g - 6114*g. Let o(h) = -7*h. Let i be o(-4). What is the highest common factor of g and i?
14
Suppose 20 = 6*j - 10. Suppose -3*s + 30 + 441 = -j*y, -5*s = 3*y - 751. Suppose s + 73 = 9*c. Calculate the highest common factor of 15 and c.
5
Suppose -2*x - 5*a - 58 = -7*a, a + 19 = -x. Let f be x/30 - 1857/(-15). Calculate the greatest common factor of f and 164.
41
Let t = -2540 + 3377. What is the highest common divisor of 27 and t?
27
Let a = -25885 + 26221. What is the greatest common divisor of 18704 and a?
112
Let a = -20590 + 20731. What is the highest common factor of a and 57?
3
Suppose 2*v = 5*j + 13431, 2*j - 260 = -3*v + 19915. Calculate the greatest common divisor of v and 81.
81
Let q(w) = -50*w + 320. Let r be q(-54). What is the highest common factor of 60 and r?
20
Suppose -17*k + 1103 = -13*k - 3*j, -5*j - 555 = -2*k. Suppose 0 = -d - 5*p - 14, 0 = 2*d - 5*p - 20 - 27. Calculate the greatest common divisor of d and k.
11
Let g be (90/4)/(-3)*(-40)/6. Suppose g + 48 = 49*r. What is the highest common divisor of 34 and r?
2
Let s = 186 - 147. Suppose 51 = 2*t - s. Calculate the greatest common divisor of t and 60.
15
Suppose 3*q + 3*g = 2124, 11*q - 16*q - g + 3524 = 0. Calculate the greatest common divisor of q and 576.
64
Let y = 8886 - -20034. What is the greatest common divisor of y and 8?
8
Suppose 21449 + 18717 - 926 = 20*s. What is the greatest common factor of 4360 and s?
218
Let p be (5/(40/(-28)))/((-6)/9840). What is the greatest common factor of p and 140?
140
Let t = -6233 - -6475. What is the greatest common factor of t and 418?
22
Suppose 69*d - 42*d + 1980 = 38*d. What is the greatest common divisor of d and 9060?
60
Suppose 0 = -5*j - 2*j - 399. Let y = -57 - j. Suppose -11*s + 14*s - 51 = y. What is the highest common divisor of s and 187?
17
Let d = 10979 - 10490. What is the greatest common divisor of 1141 and d?
163
Suppose -796*m = -846*m + 5800. Calculate the highest common factor of m and 7424.
116
Suppose -31872 = -2*u + 2*r, 6*u - 10*u =